{"id":849,"date":"2020-04-16T13:19:12","date_gmt":"2020-04-16T12:19:12","guid":{"rendered":"http:\/\/www.sorege.fr\/?page_id=849"},"modified":"2020-04-16T13:19:12","modified_gmt":"2020-04-16T12:19:12","slug":"la-direccte","status":"publish","type":"page","link":"https:\/\/www.sorege.fr\/?page_id=849","title":{"rendered":"La DIRECCTE"},"content":{"rendered":"\n<p>Deux groupes de 8 \u00e0 10 personnes ont b\u00e9n\u00e9fici\u00e9 de 5 s\u00e9ances pour d\u00e9couvrir et pratiquer les outils de la sophrologie.<\/p>\n\n\n\n<p>De tr\u00e8s beaux r\u00e9sultats et un vif int\u00e9r\u00eat port\u00e9 \u00e0 chaque s\u00e9ance&#8230;<\/p>\n\n\n\n<p>Plaisir partag\u00e9<\/p>\n","protected":false},"excerpt":{"rendered":"<p>Deux groupes de 8 \u00e0 10 personnes ont b\u00e9n\u00e9fici\u00e9 de 5 s\u00e9ances pour d\u00e9couvrir et pratiquer les outils de la sophrologie. De tr\u00e8s beaux r\u00e9sultats et un vif int\u00e9r\u00eat port\u00e9 \u00e0 chaque s\u00e9ance&#8230; Plaisir partag\u00e9<\/p>\n","protected":false},"author":2,"featured_media":0,"parent":27,"menu_order":0,"comment_status":"closed","ping_status":"closed","template":"","meta":{"footnotes":""},"class_list":["post-849","page","type-page","status-publish","hentry"],"aioseo_notices":[],"_links":{"self":[{"href":"https:\/\/www.sorege.fr\/index.php?rest_route=\/wp\/v2\/pages\/849","targetHints":{"allow":["GET"]}}],"collection":[{"href":"https:\/\/www.sorege.fr\/index.php?rest_route=\/wp\/v2\/pages"}],"about":[{"href":"https:\/\/www.sorege.fr\/index.php?rest_route=\/wp\/v2\/types\/page"}],"author":[{"embeddable":true,"href":"https:\/\/www.sorege.fr\/index.php?rest_route=\/wp\/v2\/users\/2"}],"replies":[{"embeddable":true,"href":"https:\/\/www.sorege.fr\/index.php?rest_route=%2Fwp%2Fv2%2Fcomments&post=849"}],"version-history":[{"count":1,"href":"https:\/\/www.sorege.fr\/index.php?rest_route=\/wp\/v2\/pages\/849\/revisions"}],"predecessor-version":[{"id":850,"href":"https:\/\/www.sorege.fr\/index.php?rest_route=\/wp\/v2\/pages\/849\/revisions\/850"}],"up":[{"embeddable":true,"href":"https:\/\/www.sorege.fr\/index.php?rest_route=\/wp\/v2\/pages\/27"}],"wp:attachment":[{"href":"https:\/\/www.sorege.fr\/index.php?rest_route=%2Fwp%2Fv2%2Fmedia&parent=849"}],"curies":[{"name":"wp","href":"https:\/\/api.w.org\/{rel}","templated":true}]}}