{"id":42,"date":"2013-08-13T05:30:35","date_gmt":"2013-08-13T04:30:35","guid":{"rendered":"http:\/\/cluster015.ovh.net\/~sorege\/?page_id=42"},"modified":"2014-02-06T15:34:30","modified_gmt":"2014-02-06T14:34:30","slug":"formation-information","status":"publish","type":"page","link":"https:\/\/www.sorege.fr\/?page_id=42","title":{"rendered":"Ateliers Conseils &#8211; Accompagnement"},"content":{"rendered":"<p style=\"text-align: justify;\"><strong>Ateliers \u00ab\u00a0Conseils\u00a0\u00bb\u200b et \u00ab\u00a0Accompagnement\u00a0\u00bb<\/strong><br \/>\nMes interventions dans divers \u00e9tablissements publics ou priv\u00e9s permettent de faire d\u00e9couvrir la sophrologie et d&rsquo;aborder des th\u00e8mes pr\u00e9cis* selon le public concern\u00e9, ce, sur des s\u00e9quences ponctuelles ou organis\u00e9es tout au long de l&rsquo;ann\u00e9e.<\/p>\n<p style=\"text-align: justify;\">Le contenu des ateliers est r\u00e9alis\u00e9 selon les besoins. Me contacter.<\/p>\n<p style=\"text-align: justify;\">*ex : ateliers gestion du stress, confiance en soi, estime de soi, communication, analyse transactionnelle, m\u00e9moire, pr\u00e9vention des maladies psycho-somatiques, pr\u00e9paration sportive, pr\u00e9paration aux examens&#8230;<\/p>\n<p style=\"text-align: justify;\"><a title=\"Individuelles\" href=\"http:\/\/www.sorege.fr\/?page_id=38\">S\u00e9ances individuelles<\/a><br \/>\n<a title=\"Collectives\" href=\"http:\/\/www.sorege.fr\/?page_id=40\">S\u00e9ances collectives<\/a><\/p>\n","protected":false},"excerpt":{"rendered":"<p>Ateliers \u00ab\u00a0Conseils\u00a0\u00bb\u200b et \u00ab\u00a0Accompagnement\u00a0\u00bb Mes interventions dans divers \u00e9tablissements publics ou priv\u00e9s permettent de faire d\u00e9couvrir la sophrologie et d&rsquo;aborder des th\u00e8mes pr\u00e9cis* selon le public concern\u00e9, ce, sur des s\u00e9quences ponctuelles ou organis\u00e9es tout au long de l&rsquo;ann\u00e9e. Le &hellip; <a href=\"https:\/\/www.sorege.fr\/?page_id=42\">Continuer la lecture <span class=\"meta-nav\">&rarr;<\/span><\/a><\/p>\n","protected":false},"author":2,"featured_media":0,"parent":17,"menu_order":3,"comment_status":"closed","ping_status":"closed","template":"","meta":{"footnotes":""},"class_list":["post-42","page","type-page","status-publish","hentry"],"aioseo_notices":[],"_links":{"self":[{"href":"https:\/\/www.sorege.fr\/index.php?rest_route=\/wp\/v2\/pages\/42","targetHints":{"allow":["GET"]}}],"collection":[{"href":"https:\/\/www.sorege.fr\/index.php?rest_route=\/wp\/v2\/pages"}],"about":[{"href":"https:\/\/www.sorege.fr\/index.php?rest_route=\/wp\/v2\/types\/page"}],"author":[{"embeddable":true,"href":"https:\/\/www.sorege.fr\/index.php?rest_route=\/wp\/v2\/users\/2"}],"replies":[{"embeddable":true,"href":"https:\/\/www.sorege.fr\/index.php?rest_route=%2Fwp%2Fv2%2Fcomments&post=42"}],"version-history":[{"count":4,"href":"https:\/\/www.sorege.fr\/index.php?rest_route=\/wp\/v2\/pages\/42\/revisions"}],"predecessor-version":[{"id":321,"href":"https:\/\/www.sorege.fr\/index.php?rest_route=\/wp\/v2\/pages\/42\/revisions\/321"}],"up":[{"embeddable":true,"href":"https:\/\/www.sorege.fr\/index.php?rest_route=\/wp\/v2\/pages\/17"}],"wp:attachment":[{"href":"https:\/\/www.sorege.fr\/index.php?rest_route=%2Fwp%2Fv2%2Fmedia&parent=42"}],"curies":[{"name":"wp","href":"https:\/\/api.w.org\/{rel}","templated":true}]}}