{"id":29,"date":"2013-08-13T05:21:18","date_gmt":"2013-08-13T04:21:18","guid":{"rendered":"http:\/\/cluster015.ovh.net\/~sorege\/?page_id=29"},"modified":"2021-02-07T18:21:24","modified_gmt":"2021-02-07T17:21:24","slug":"definition","status":"publish","type":"page","link":"https:\/\/www.sorege.fr\/?page_id=29","title":{"rendered":"La sophrologie"},"content":{"rendered":"<p style=\"text-align: justify;\">Cr\u00e9\u00e9e en 1960 par un neuropsychiatre, la sophrologie na\u00eet de multiples origines s\u2019inspirant du yoga, de l\u2019hypnose, du zen, de la psychologie, de la ph\u00e9nom\u00e9nologie&#8230;<\/p>\n<p style=\"text-align: justify;\">La sophrologie, la relaxation, la gestion du stress sont un ensemble de techniques simples permettant d&rsquo;acqu\u00e9rir une meilleure connaissance de soi, permettant de d\u00e9couvrir ses propres ressources afin d&rsquo;am\u00e9liorer sa qualit\u00e9 de vie.<\/p>\n<p style=\"text-align: justify;\">Accessible \u00e0 tous (enfants, adolescents, adultes, s\u00e9niors), la sophrologie r\u00e9pond aux besoins et aux contraintes de tous les \u00e2ges.<\/p>\n<p style=\"text-align: justify;\">Cette pratique douce peut \u00eatre utilis\u00e9e comme technique de pr\u00e9vention, d&rsquo;accompagnement ou simplement faire partie d&rsquo;une philosophie de vie.<\/p>\n","protected":false},"excerpt":{"rendered":"<p>Cr\u00e9\u00e9e en 1960 par un neuropsychiatre, la sophrologie na\u00eet de multiples origines s\u2019inspirant du yoga, de l\u2019hypnose, du zen, de la psychologie, de la ph\u00e9nom\u00e9nologie&#8230; La sophrologie, la relaxation, la gestion du stress sont un ensemble de techniques simples permettant &hellip; <a href=\"https:\/\/www.sorege.fr\/?page_id=29\">Continuer la lecture <span class=\"meta-nav\">&rarr;<\/span><\/a><\/p>\n","protected":false},"author":2,"featured_media":0,"parent":13,"menu_order":1,"comment_status":"closed","ping_status":"closed","template":"","meta":{"footnotes":""},"class_list":["post-29","page","type-page","status-publish","hentry"],"aioseo_notices":[],"_links":{"self":[{"href":"https:\/\/www.sorege.fr\/index.php?rest_route=\/wp\/v2\/pages\/29","targetHints":{"allow":["GET"]}}],"collection":[{"href":"https:\/\/www.sorege.fr\/index.php?rest_route=\/wp\/v2\/pages"}],"about":[{"href":"https:\/\/www.sorege.fr\/index.php?rest_route=\/wp\/v2\/types\/page"}],"author":[{"embeddable":true,"href":"https:\/\/www.sorege.fr\/index.php?rest_route=\/wp\/v2\/users\/2"}],"replies":[{"embeddable":true,"href":"https:\/\/www.sorege.fr\/index.php?rest_route=%2Fwp%2Fv2%2Fcomments&post=29"}],"version-history":[{"count":7,"href":"https:\/\/www.sorege.fr\/index.php?rest_route=\/wp\/v2\/pages\/29\/revisions"}],"predecessor-version":[{"id":899,"href":"https:\/\/www.sorege.fr\/index.php?rest_route=\/wp\/v2\/pages\/29\/revisions\/899"}],"up":[{"embeddable":true,"href":"https:\/\/www.sorege.fr\/index.php?rest_route=\/wp\/v2\/pages\/13"}],"wp:attachment":[{"href":"https:\/\/www.sorege.fr\/index.php?rest_route=%2Fwp%2Fv2%2Fmedia&parent=29"}],"curies":[{"name":"wp","href":"https:\/\/api.w.org\/{rel}","templated":true}]}}