{"id":10,"date":"2013-08-13T05:02:33","date_gmt":"2013-08-13T04:02:33","guid":{"rendered":"http:\/\/cluster015.ovh.net\/~sorege\/?page_id=10"},"modified":"2023-01-26T15:07:53","modified_gmt":"2023-01-26T14:07:53","slug":"bienvenue","status":"publish","type":"page","link":"https:\/\/www.sorege.fr\/?page_id=10","title":{"rendered":"Bienvenue"},"content":{"rendered":"<p>Bonjour et bienvenue,\u200b<br \/>\nL&rsquo;objet de ce site est de vous fournir le maximum de renseignements sur mon activit\u00e9.<br \/>\nPrendre contact par t\u00e9l\u00e9phone vous permettra de trouver une r\u00e9ponse plus personnalis\u00e9e en rapport avec vos besoins, questions, demandes.<\/p>\n<p><em>Apprenons \u00e0 conna\u00eetre notre corps, \u00e0 lvivre avec lui,<\/em><br \/>\n<em>Soyons \u00e0 m\u00eame de reconna\u00eetre et d&rsquo;accepter les \u00e9motions pr\u00e9sentes en nous,<\/em><br \/>\n<em>Accueillons nos pens\u00e9es, d\u00e9veloppons notre imaginaire,<\/em><br \/>\n<em>Apprenons \u00e0 \u00eatre responsable de notre mieux-\u00eatre,<\/em><br \/>\n<em>Apprenons \u00e0 changer le regard que nous portons sur le monde et sur nous-m\u00eame, pour agir et r\u00e9agir positivement\u200b,<\/em><br \/>\n<em>Apprenons \u00e0 apprendre,<\/em><br \/>\n<em>Soyons ici et maintenant&#8230;<\/em><\/p>\n<p><em>\u00ab\u00a0Toute la vie se d\u00e9roule dans le pr\u00e9sent\u00a0\u00bb &#8211; E. TOLLE<\/em><\/p>\n","protected":false},"excerpt":{"rendered":"<p>Bonjour et bienvenue,\u200b L&rsquo;objet de ce site est de vous fournir le maximum de renseignements sur mon activit\u00e9. Prendre contact par t\u00e9l\u00e9phone vous permettra de trouver une r\u00e9ponse plus personnalis\u00e9e en rapport avec vos besoins, questions, demandes. Apprenons \u00e0 conna\u00eetre &hellip; <a href=\"https:\/\/www.sorege.fr\/?page_id=10\">Continuer la lecture <span class=\"meta-nav\">&rarr;<\/span><\/a><\/p>\n","protected":false},"author":2,"featured_media":0,"parent":0,"menu_order":0,"comment_status":"closed","ping_status":"closed","template":"","meta":{"footnotes":""},"class_list":["post-10","page","type-page","status-publish","hentry"],"aioseo_notices":[],"_links":{"self":[{"href":"https:\/\/www.sorege.fr\/index.php?rest_route=\/wp\/v2\/pages\/10","targetHints":{"allow":["GET"]}}],"collection":[{"href":"https:\/\/www.sorege.fr\/index.php?rest_route=\/wp\/v2\/pages"}],"about":[{"href":"https:\/\/www.sorege.fr\/index.php?rest_route=\/wp\/v2\/types\/page"}],"author":[{"embeddable":true,"href":"https:\/\/www.sorege.fr\/index.php?rest_route=\/wp\/v2\/users\/2"}],"replies":[{"embeddable":true,"href":"https:\/\/www.sorege.fr\/index.php?rest_route=%2Fwp%2Fv2%2Fcomments&post=10"}],"version-history":[{"count":4,"href":"https:\/\/www.sorege.fr\/index.php?rest_route=\/wp\/v2\/pages\/10\/revisions"}],"predecessor-version":[{"id":975,"href":"https:\/\/www.sorege.fr\/index.php?rest_route=\/wp\/v2\/pages\/10\/revisions\/975"}],"wp:attachment":[{"href":"https:\/\/www.sorege.fr\/index.php?rest_route=%2Fwp%2Fv2%2Fmedia&parent=10"}],"curies":[{"name":"wp","href":"https:\/\/api.w.org\/{rel}","templated":true}]}}